 Calculate the remainder when d is divided by u.
2
Let s(j) = -j**3 - 6*j**2 - 6*j - 6. Let a be (63/(-28))/(3/8). Let t be s(a). What is the remainder when (-194)/(-12) + (-5)/t is divided by 6?
4
Let r = -54 - -100. What is the remainder when 228 is divided by r?
44
Suppose 3*u + 23 = 113. What is the remainder when u is divided by 17?
13
Let f = -6 - -8. Suppose -f*w + 31 + 7 = 0. Let m(v) = v**2 + 6*v + 7. Calculate the remainder when w is divided by m(-6).
5
What is the remainder when 23 + -2 + 4 + -2 is divided by 16?
7
Let v = 28 + 1. Calculate the remainder when 55 is divided by v.
26
Let k = 22 + -4. Calculate the remainder when 106 is divided by k.
16
Let v(m) = -6*m + 5. Suppose -8*i + 4*t = -3*i - 25, 3*i = -3*t + 42. Calculate the remainder when v(-5) is divided by i.
8
Suppose 6 = -2*f + 5*f. Let s(g) = g**3 - g**2 + 4*g - 3. Calculate the remainder when s(f) is divided by 5.
4
Suppose -5 + 309 = 4*i. Suppose 4*b - 88 = i. What is the remainder when b is divided by 11?
8
Let d be 0 - -2 - (1 + -1). Suppose 0 = 3*w + 3*i - 102, -2*w + 3*w - i - 32 = 0. Suppose -f + w = d*f. What is the remainder when 21 is divided by f?
10
Suppose -5*j = -3*j - 8. What is the remainder when 5 is divided by j?
1
Suppose 12*h = 7*h. What is the remainder when h - -51*1/1 is divided by 13?
12
Let o(x) = x**2 - 4*x + 4. Let q be o(5). Suppose -29 + q = -5*i. Suppose w - 29 = -4*k - 0*w, i*w + 12 = 0. Calculate the remainder when 15 is divided by k.
7
Let l(i) = 2*i**2 + 5*i + 4. Let z be l(-2). Suppose t - 1 - z = 0. Calculate the remainder when 4 is divided by t.
1
Let g = 51 - 23. Let t = 41 - g. What is the remainder when 24 is divided by t?
11
Suppose -47 = -2*g - 4*f + f, 5 = f. Calculate the remainder when (-555)/(-9) - 4/6 is divided by g.
13
Suppose -5*q + 7*q - 16 = 0. Calculate the remainder when 31 is divided by q.
7
Let g = 19 + -13. Let s = 19 - g. What is the remainder when 25 is divided by s?
12
Let f(x) be the first derivative of x**4/4 - x**2/2 - 7*x - 3. Let c be f(0). Let r = c - -24. Calculate the remainder when 32 is divided by r.
15
Suppose -25 = -x - 4*x. Suppose 0 = -x*m + 25 - 0. Calculate the remainder when m is divided by 3.
2
Let a = 64 - -3. Suppose -26 = 3*q + 4*m, 4*q = -5*m - 50 + 16. What is the remainder when a is divided by (34/(-3))/(4/q)?
16
Suppose 19 = 2*r - 3*p, -4*r = -5*p - 16 - 17. Suppose -q - 2*m = -6, 5*q + 6*m - 20 = m. What is the remainder when q is divided by r?
0
Suppose -580 = -5*l - 5*w, 0 = -5*l + w - 5*w + 581. Let n = l + -62. Calculate the remainder when n is divided by 14.
13
Let n be (-2)/10 + (-57)/15. Let a(x) = 2*x**2 + 6*x + 1. Calculate the remainder when 4*2/((-4)/(-13)) is divided by a(n).
8
Suppose 54 = 5*f + 3*s, s - 64 = -5*f + 3*s. Calculate the remainder when f is divided by 6 + ((-7)/(-14))/((-3)/6).
2
Suppose 0 = -3*r - 2*r + 100. Suppose -w + 0*w = -r. Let f = -13 + w. Calculate the remainder when f is divided by 3.
1
Suppose -2*l + 97 = -15. Calculate the remainder when l is divided by ((-38)/4)/((-5)/10).
18
Let m(n) = -n**2 - 11*n - 6. Let l be m(-10). Suppose l*v = 83 - 35. Calculate the remainder when (3/(-6))/(1/(-46)) is divided by v.
11
Let q be 1 - 2 - (-1)/1. What is the remainder when 3/(-3) + q - -16 is divided by 6?
3
What is the remainder when (-7)/(-28)*-2 + 109/2 is divided by 28?
26
Let s(z) = 3*z**2 + z - 7. Calculate the remainder when s(3) is divided by 8.
7
Suppose 92*u - 56 = 88*u. What is the remainder when 39 is divided by u?
11
Suppose 5*b = -d + 21 - 4, 31 = 3*d - 5*b. Calculate the remainder when 70/3*(-6)/(-4) is divided by d.
11
Let l = -193 + 275. Calculate the remainder when l is divided by 17.
14
Let x(u) = 2*u - 5. Suppose 2*s = v + 1, 0 = v + 3*v - 2*s - 2. What is the remainder when x(7) is divided by (-14)/(-3) - v/(-3)?
4
Suppose 5*i - v = 311, -5*v = -3*i + 76 + 93. Suppose d - 3*d = -8, -3*f - 2*d + 56 = 0. What is the remainder when i is divided by f?
15
Let l be 5 + -3 + (-3 - -1). Suppose -b + 0*b + 3 = l. Suppose 52 = 5*i - b*i. Calculate the remainder when i is divided by 9.
8
Suppose 4*l = -l + 120. Suppose -3*s + l = s. Calculate the remainder when s is divided by 4.
2
Let z(h) = 4*h + 5 - h**3 + h**2 + 0*h**2 + h - 3*h**2. Calculate the remainder when z(-4) is divided by 9.
8
Suppose 3*n = 4*v - 2, -2*n + 4*v = v + 2. Suppose 6 = h + y, -h - n*y + 1 = -5. Calculate the remainder when 21 is divided by h.
3
Let p(f) = 3*f**2 - 5*f + 5. What is the remainder when p(4) is divided by 18?
15
Suppose 0 = -3*r - 3, -5*j = -5*r + r - 74. What is the remainder when 248/6 - 3/9 is divided by j?
13
Let f(k) = 73*k + 1. Calculate the remainder when f(1) is divided by 19.
17
Calculate the remainder when -2*(-13)/2*1 is divided by (4 - 1)/(-3) + 6.
3
Let u = -10 + 10. Suppose -2*a + 4*a - 136 = u. Calculate the remainder when a is divided by 23.
22
Suppose -2*g + 2*n = -38 - 0, 11 = g - 3*n. Let o = 26 - g. What is the remainder when 5 is divided by o?
2
Let j(h) = 8*h + 35. Calculate the remainder when j(9) is divided by 14.
9
Suppose 12*k - 21 = 9*k. Let f = 22 + -20. What is the remainder when k is divided by f?
1
Suppose -15 = -2*s + 19. Calculate the remainder when 47 is divided by s.
13
Let t(g) = g**3 + 9*g**2 - 13*g - 9. What is the remainder when 34 is divided by t(-10)?
13
Let o(a) = 3*a**3 - 2*a**2 - 2*a - 1. Let h be o(-1). Let z = 17 + h. What is the remainder when 36 is divided by z?
10
Suppose -i - 2*b + 25 + 16 = 0, 0 = -3*i + 5*b + 112. Suppose 0 = m + 5*s + 2, -5*m - 5*s = -19 - 11. What is the remainder when i is divided by m?
7
Let i = 2 - -1. Suppose 4*o = -4*s - 8, s - 2 = -i*s + o. Suppose s = j + 3*j - 8. Calculate the remainder when 4 is divided by j.
0
Suppose -2*d - 16 = -4*d. Calculate the remainder when 22 is divided by d.
6
Let c = -17 - -53. Let t(a) = -a**2 - 3*a + 4. What is the remainder when (c/15)/((-8)/(-20)) is divided by t(-3)?
2
Let b = 24 + 13. What is the remainder when b is divided by 10?
7
Let h = 139 + -71. Calculate the remainder when h is divided by 35.
33
Suppose 21 = 4*s - 3. What is the remainder when 16 is divided by s?
4
Suppose 13*p - 17*p = -80. What is the remainder when 35 is divided by p?
15
Let i(j) = 3*j**2 - j + 1. What is the remainder when 8 is divided by i(1)?
2
Let p = -43 + 68. Let h = 99 - 152. Let m = h + 127. What is the remainder when m is divided by p?
24
Let x = 13 - 5. Suppose -4*t + x = 4*f, 4*f + 9 = f + 2*t. Let k(v) = -3*v**3 + v + 1. What is the remainder when 7 is divided by k(f)?
1
Calculate the remainder when 17 is divided by (-411)/(-45) - 4/30.
8
Let j = 15 - 9. Calculate the remainder when j is divided by 4.
2
Let n = -258 + 373. Calculate the remainder when n is divided by 29.
28
Let t(m) = -m**3 - 6*m**2 - 2*m + 6. Let q be t(-6). Let v = q + 13. What is the remainder when v is divided by 16?
15
Let o(g) = -g**3 + 10*g**2 - 14*g - 8. Calculate the remainder when o(8) is divided by 5.
3
Suppose 2*k + 2*k - 52 = 0. Calculate the remainder when (-2 - (-34)/14) + (-2408)/(-98) is divided by k.
12
Let v be 1/3 - 160/(-15). Suppose 2*b - 45 = -v. What is the remainder when b is divided by 9?
8
Suppose g - 6*n + 2*n = 10, 2 = -2*n. Let v(r) = r**2 + 4*r - 3. Let w be v(-5). Suppose w*y + 52 = g*y. Calculate the remainder when 25 is divided by y.
12
Let b(j) be the second derivative of -j**3/6 - j. What is the remainder when 1 + -1 + -4 + (6 - -3) is divided by b(-2)?
1
Let j be 0 + 2 - 4*-24. Suppose -5*a + 3*a + b - 143 = 0, -4*b = -20. Let m = j + a. What is the remainder when m is divided by 16?
13
Let o(q) = -q**3 + 10*q**2 - 15*q + 5. Calculate the remainder when 50 is divided by o(8).
11
Let g be -3 + (3 - 5 - 3). What is the remainder when 41 is divided by (-244)/(-16) - (-2)/g?
11
Let r = -115 + 124. Calculate the remainder when 62 is divided by r.
8
Let d be ((-30)/(-9))/((-2)/6). Let v be 15/d - 9/(-2). Suppose 4*g = v*g + 6. What is the remainder when g is divided by 4?
2
Let l = 37 - 25. Let j = 9 - 4. What is the remainder when l is divided by j?
2
Let g(m) = 13*m - 1. Let z be 12/6 - -2*2. What is the remainder when g(z) is divided by 20?
17
Suppose 542 = 4*g - 2*w, 3*g - 3*w + 537 = 7*g. Suppose -g = -4*r - 11. What is the remainder when 31 is divided